s the greatest common divisor of f and 34?
17
Suppose 2769 - 241 = 5*s - 4*o, 2006 = 4*s + 5*o. Calculate the greatest common divisor of s and 56.
56
Let g be 0 + -3 + -40 + 2. Let z = g - -58. What is the greatest common divisor of z and 187?
17
Let k = 38 + -26. Let z be (-8)/6 + 28/k. Calculate the greatest common divisor of z and 8.
1
Let l be 12/5 - 8/20. Let n(o) = 36*o - 226. Let i be n(7). What is the highest common factor of l and i?
2
Let u = -497 - -649. Calculate the greatest common divisor of 532 and u.
76
Suppose -98*u + 408 = -81*u. Calculate the greatest common factor of 14 and u.
2
Let n be 30531/27 + 4/18. Suppose -c - 909 = 3*o - 51, -3*c + n = -4*o. Let j be (3 + (-10)/3)*o. What is the highest common divisor of j and 38?
19
Let i be (31/(465/6870))/(2/1). What is the highest common divisor of 1 and i?
1
Let d(n) = 3*n**2 + 3*n - 2. Let y be d(-6). Let u be (5 - 1) + -5*18/(-5). Calculate the greatest common factor of y and u.
22
Suppose 84*w = 89*w - 1380. What is the greatest common divisor of w and 345?
69
Let l(f) = -19*f**2 + 83*f - 10. Let j be l(4). Calculate the highest common factor of 1089 and j.
9
Suppose 0*y - 2*m = -5*y + 28, -5*m = -5. Calculate the greatest common divisor of 138 and y.
6
Let d be (-91)/(((-6)/9)/2). Suppose 0 = 4*s - d - 35. Suppose -2*t - 9 = -31. Calculate the highest common divisor of t and s.
11
Let d = -99 + 154. Suppose 2*h - 2*b = h, 3*b - d = -4*h. Calculate the highest common divisor of h and 1.
1
Suppose 3*n - 2*g = 10 - 2, 0 = 4*n - 2*g - 8. Suppose n = -8*x + 7*x + 48. Calculate the greatest common factor of x and 12.
12
Suppose -165*a - 2240 = -170*a. What is the greatest common divisor of 28 and a?
28
Let w be 20/2 + 2/(-2). Let f = 2 + w. Let m be 464/6 + 19/(-57). Calculate the greatest common factor of m and f.
11
Let f(r) = r + 3. Let h be f(-5). Let z be (-32)/3*h/((-4)/(-3)). Calculate the highest common factor of 112 and z.
16
Suppose 5*j = 2*r - 0*r - 19, 0 = -2*r + 4*j + 22. Let a = r + -15. What is the greatest common divisor of a and 22?
2
Let j = -374 + 678. What is the greatest common divisor of 38 and j?
38
Let y(m) = 9*m + 4. Let k(h) = 37*h + 15. Let w(u) = -2*k(u) + 9*y(u). Let q be w(3). What is the highest common divisor of q and 81?
27
Let n be (0/(-3))/((-2)/1). Suppose -u = -n*u + 3. Let s be (-33)/2*28/u. Calculate the highest common factor of s and 22.
22
Let j = 10 - 6. Suppose p = m - 2, -5*m + j = -p - 2*p. Let c be (2 - 33)*(-3 - m). Calculate the highest common factor of 155 and c.
31
Suppose 5 + 11 = 2*r. Let p = -8 + -16. Let h be (p/28)/(1/(-14)). Calculate the highest common divisor of h and r.
4
Suppose 15 = -3*c + 1302. Suppose -c = -8*f - 45. What is the highest common divisor of f and 8?
8
Let r(b) = -104*b + 1. Let q be r(-1). Suppose -i + 47 = 4*n - 3*n, -2*n = 0. Let c = 62 - i. What is the greatest common factor of c and q?
15
Let f = 3494 + -2287. Calculate the highest common factor of 71 and f.
71
Let b = 128 + -189. Let t = b - -37. Let f be (80/t)/(2/(-15)). What is the highest common divisor of f and 25?
25
Suppose 0 = -5*v + 196 + 324. Suppose 2*u - d - 16 = 0, 4*d - 6*d + 32 = 4*u. Calculate the highest common factor of u and v.
8
Suppose -x + 0*s = 3*s - 73, 2*s - 212 = -3*x. What is the greatest common divisor of 98 and x?
14
Let l be (-5)/(-1)*(-27892)/(-380). Calculate the highest common factor of 1 and l.
1
Let n(l) be the second derivative of 0 - 1/2*l**3 - 9*l + l**2. Let x be n(-3). Calculate the highest common divisor of 77 and x.
11
Let m = 1583 - 778. Calculate the highest common divisor of m and 140.
35
Let q = -133 - -96. Let s = q - -57. What is the greatest common factor of 220 and s?
20
Let k be 1*(2/1 + -1). Let f = 7 - k. Suppose 3 = 5*a - m, -4*a - f = -4*m - m. Calculate the greatest common divisor of 9 and a.
1
Suppose 266 = 93*z + 80. What is the greatest common factor of 370 and z?
2
Suppose 2*s = 77 + 1. Let x = 62 + -49. What is the highest common divisor of x and s?
13
Let v = -366 + 379. What is the greatest common factor of 65 and v?
13
Let q(p) = p**3 - 5*p**2 - 3*p + 6. Let d be q(6). Let o(n) = -11*n + 312. Let h be o(24). What is the highest common factor of h and d?
24
Suppose -93 - 167 = -4*t. What is the highest common factor of 40 and t?
5
Suppose -37*m = -705 - 368. What is the highest common factor of 58 and m?
29
Let o = 104 + 8. What is the highest common factor of 14 and o?
14
Suppose 4*h - 1 = -3*n, 16 = -2*n + 6*n - 2*h. Suppose -3 = c - 0*r - n*r, -5*r = -20. What is the greatest common divisor of c and 72?
9
Let v be (-4)/((-4)/3) - (35 - 62). Calculate the greatest common divisor of 150 and v.
30
Suppose -3*g - 121 = -217. What is the greatest common factor of 2 and g?
2
Suppose -52*c = 3*y - 47*c - 555, -906 = -5*y - 2*c. What is the greatest common factor of 252 and y?
36
Suppose o + 10 = 5, -2*o + 256 = 2*r. What is the greatest common divisor of r and 95?
19
Suppose 0 = 4*d - 111 - 129. Suppose 0 = r + 6 + 4. Let s be (r/(-4))/(2/8). What is the greatest common divisor of s and d?
10
Suppose 2*u - 12*b = -9*b + 171, -607 = -7*u + 2*b. Calculate the highest common divisor of 203 and u.
29
Suppose 5*l - 11 = 4*l. Let s(n) = -16*n**3 - 9*n**2 + 5*n - 12. Let t be s(6). Let f be (1/2)/((-19)/t). What is the greatest common divisor of l and f?
11
Suppose 324 = 9*g - 486. Calculate the highest common divisor of 160 and g.
10
Let m be (6/12)/((-3)/42). Let u(p) = p**3 + 8*p**2 + 2*p - 3. Let i be u(m). What is the highest common divisor of 32 and i?
32
Suppose -71 = 9*s - 395. Let h(o) = o**3 - 5*o**2 - 6*o + 9. Suppose 0*b + b - 6 = 0. Let y be h(b). Calculate the highest common factor of y and s.
9
Let h be 75 - (5/(-10))/(5/10). Calculate the highest common factor of 57 and h.
19
Let j = -47 + -223. Let m = j + 391. Let d(i) = -17*i - 57. Let b be d(-4). What is the highest common divisor of m and b?
11
Let h = -8 - -17. Let r(t) = 3*t - 17. Let g be r(6). Let z be (-2)/10 + (226/5)/g. What is the greatest common divisor of z and h?
9
Let t(v) = v**2 - 2*v. Let y be t(3). Suppose -55 = -y*p + 5*k - 3*k, 2*k = 5*p - 97. Let q be (-9)/p + 318/7. What is the highest common divisor of q and 9?
9
Suppose -3*j - 2*j - 20 = 0. Let n be ((-9)/j)/((-15)/(-80)). Suppose -n = -4*d + 24. Calculate the greatest common divisor of 45 and d.
9
Let g = -7763 - -7770. Let o = -2 + 3. What is the greatest common divisor of o and g?
1
Let s = -45 + 92. What is the greatest common divisor of 1 and s?
1
Suppose -h = -6 + 2. Suppose 52 = 3*w - 4*m, -3*m = 5*w - 4*m - 98. What is the greatest common factor of w and h?
4
Let s(x) = -x**2 + 4*x + 1. Let g(n) = -n - 5. Let m(k) = 5*k + 2. Let y be m(-2). Let j be g(y). Let p be s(j). What is the greatest common factor of p and 8?
4
Suppose 2*k - 3*w = 5*k - 1011, 0 = k + 4*w - 322. What is the greatest common factor of 152 and k?
38
Suppose -3*q - 19 = -2*v - 0*q, 0 = 4*q - 4. Suppose -2*n - v = 7. Let o = n + 44. What is the highest common factor of 14 and o?
7
Let p(b) be the second derivative of 0 - b**2 + 4*b + 1/20*b**5 - 1/2*b**4 + 7/6*b**3. Let t be p(5). What is the greatest common factor of 32 and t?
8
Suppose 4*m - 28 = -8, 0 = 2*u - 3*m - 75. What is the greatest common divisor of 45 and u?
45
Let s(a) = -a**2 - 62*a. Let f be s(-32). What is the highest common divisor of f and 90?
30
Let p = -75 + 87. Calculate the highest common divisor of 108 and p.
12
Let y be (-14)/(-77) - (-48)/(-22). Let f = 13 + y. Calculate the highest common factor of 1 and f.
1
Let t be (-6)/2 - (3 - 6). Suppose 5*q = -s + 20, 5*s + 3 + 22 = t. Suppose -4*v + 30 = v + 3*k, 0 = q*k + 25. Calculate the highest common factor of 99 and v.
9
Let u(v) = 3*v**3 - 11*v**2 - v + 27. Let d be u(3). Suppose 143 = k + 5. Calculate the greatest common factor of d and k.
6
Let c be (-5 + 57)/((-7)/(14/(-4))). Calculate the greatest common divisor of 1378 and c.
26
Suppose -10*g + 264 = -7*g + o, 3*g + 2*o - 267 = 0. What is the highest common divisor of g and 783?
87
Let q be (-120)/(-3)*(-1)/(-1). Suppose 4*m = -4*g + q, 3*m - 52 = -2*m - 3*g. Let c be 12/18*(35 + -2). Calculate the greatest common factor of m and c.
11
Let b be 3/6 - (-158)/4. Let t = 328 - 169. Suppose 5*p + 119 =